git of 2008711851?
1
What is the millions digit of 59521067?
9
What is the millions digit of 219838598?
9
What is the hundred millions digit of 2421647092?
4
What is the ten thousands digit of 4309252526?
5
What is the millions digit of 117267335?
7
What is the units digit of 464734036?
6
What is the millions digit of 416398916?
6
What is the tens digit of 7033304736?
3
What is the ten thousands digit of 41291611?
9
What is the millions digit of 434547141?
4
What is the millions digit of 101081825?
1
What is the ten millions digit of 28581631?
2
What is the ten thousands digit of 308792866?
9
What is the millions digit of 1200482055?
0
What is the units digit of 6254336385?
5
What is the units digit of 43650725?
5
What is the tens digit of 47909951?
5
What is the ten thousands digit of 592381825?
8
What is the hundreds digit of 134903375?
3
What is the thousands digit of 862865904?
5
What is the billions digit of 2263133926?
2
What is the hundred thousands digit of 30075039?
0
What is the thousands digit of 15466323?
6
What is the ten millions digit of 1221086180?
2
What is the hundreds digit of 107866926?
9
What is the hundreds digit of 966367076?
0
What is the hundred millions digit of 157086630?
1
What is the hundred millions digit of 153529869?
1
What is the ten thousands digit of 20446751?
4
What is the millions digit of 9478251?
9
What is the hundred thousands digit of 167023480?
0
What is the units digit of 372442903?
3
What is the hundred thousands digit of 59360190?
3
What is the tens digit of 1521171214?
1
What is the hundreds digit of 30843202?
2
What is the billions digit of 3422731240?
3
What is the hundreds digit of 600701793?
7
What is the hundreds digit of 101944?
9
What is the tens digit of 4508474679?
7
What is the hundreds digit of 929379088?
0
What is the millions digit of 9704653?
9
What is the units digit of 22978690?
0
What is the thousands digit of 456247856?
7
What is the tens digit of 12811867?
6
What is the hundred thousands digit of 353997464?
9
What is the ten thousands digit of 67606870?
0
What is the units digit of 20851977?
7
What is the thousands digit of 64494982?
4
What is the units digit of 7350348610?
0
What is the hundred thousands digit of 234532234?
5
What is the thousands digit of 1993579404?
9
What is the ten thousands digit of 674309719?
0
What is the ten thousands digit of 1129651127?
5
What is the millions digit of 6570801467?
0
What is the tens digit of 882037712?
1
What is the millions digit of 315270986?
5
What is the ten millions digit of 127304931?
2
What is the units digit of 20712034?
4
What is the ten millions digit of 535533001?
3
What is the thousands digit of 60971286?
1
What is the units digit of 303499637?
7
What is the hundred millions digit of 977450931?
9
What is the units digit of 3704362146?
6
What is the hundreds digit of 24149872?
8
What is the units digit of 776364781?
1
What is the units digit of 527060232?
2
What is the millions digit of 14886266?
4
What is the ten millions digit of 88851556?
8
What is the hundreds digit of 27457757?
7
What is the thousands digit of 37842413?
2
What is the hundreds digit of 369896921?
9
What is the hundreds digit of 207122904?
9
What is the units digit of 18525453?
3
What is the hundred thousands digit of 322145749?
1
What is the ten thousands digit of 2221669398?
6
What is the ten millions digit of 4410456239?
1
What is the millions digit of 3425906916?
5
What is the ten thousands digit of 57796682?
9
What is the hundred thousands digit of 96006053?
0
What is the ten thousands digit of 2632388837?
8
What is the ten thousands digit of 29008253?
0
What is the hundred thousands digit of 199043840?
0
What is the ten millions digit of 43552365?
4
What is the billions digit of 1622118813?
1
What is the millions digit of 234688677?
4
What is the hundred thousands digit of 32122677?
1
What is the thousands digit of 485250079?
0
What is the ten thousands digit of 1018511312?
1
What is the ten millions digit of 301011605?
0
What is the ten thousands digit of 51632083?
3
What is the ten millions digit of 326748893?
2
What is the tens digit of 112560195?
9
What is the ten millions digit of 74975948?
7
What is the ten millions digit of 97245755?
9
What is the hundred thousands digit of 4824134?
8
What is the units digit of 876210336?
6
What is the thousands digit of 115277631?
7
What is the hundred thousands digit of 5179979986?
9
What is the hundred millions digit of 157031501?
1
What is the hundred thousands digit of 53494873?
4
What is the hundred millions digit of 3173776219?
1
What is the hundred thousands digit of 56489604?
4
What is the hundred millions digit of 720023822?
7
What is the hundred millions digit of 1051030042?
0
What is the units digit of 8276106?
6
What is the hundred thousands digit of 93567052?
5
What is the hundred millions digit of 199952697?
1
What is the units digit of 4457624?
4
What is the tens digit of 52512038?
3
What is the millions digit of 76991591?
6
What is the tens digit of 2343703410?
1
What is the hundred thousands digit of 961850527?
8
What is the ten thousands digit of 292971395?
7
What is the hundred millions digit of 347583588?
3
What is the millions digit of 36580841?
6
What is the tens digit of 82017424?
2
What is the ten millions digit of 41765661?
4
What is the units digit of 39229754?
4
What is the units digit of 464967902?
2
What is the ten thousands digit of 928171530?
7
What is the ten millions digit of 133312156?
3
What is the thousands digit of 644362471?
2
What is the ten thousands digit of 446451076?
5
What is the ten millions digit of 79679330?
7
What is the tens digit of 269501530?
3
What is the hundred millions digit of 4251853319?
2
What is the thousands digit of 4469013404?
3
What is the units digit of 29152300?
0
What is the units digit of 466310086?
6
What is the hundreds digit of 349075593?
5
What is the thousands digit of 68456268?
6
What is the ten millions digit of 83581724?
8
What is the millions digit of 248341390?
8
What is the hundred thousands digit of 150796727?
7
What is the ten millions digit of 22459281?
2
What is the hundred millions digit of 326594602?
3
What is the ten millions digit of 12476680?
1
What is the units digit of 2191599469?
9
What is the hundred thousands digit of 1052688941?
6
What is the billions digit of 4543956627?
4
What is the hundreds digit of 893238041?
0
What is the ten thousands digit of 58742821?
4
What is the units digit of 35249125?
5
What is the hundred millions digit of 101080698?
1
What is the hundred thousands digit of 482230391?
2
What is the tens digit of 6933399147?
4
What is the hundreds digit of 1015901?
9
What is the ten thousands digit of 85776332?
7
What is the tens digit of 17075626?
2
What is the millions digit of 1145520774?
5
What is the hundreds digit of 150835252?
2
What is the hundred millions digit of 1101218112?
1
What is the thousands digit of 63743906?
3
What is the hundred thousands digit of 415053084?
0
What is the millions digit of 92775635?
2
What is the thousands digit of 39183414?
3
What is the hundred millions digit of 4792609157?
7
What is the hundred thousands digit of 12873495?
8
What is the ten thousands digit of 515116941?
1
What is the billions digit of 3289433751?
3
What is the units digit of 355858970?
0
What is the ten thousands digit of 15753037?
5
What is the ten millions digit of 37105525?
3
What is the hundred thousands digit of 335989149?
9
What is the ten thousands digit of 1402392924?
9
What is the millions digit of 173040303?
3
What is the hundred millions digit of 291023324?
2
What is the hundred millions digit of 2100868100?
1
What is the ten thousands digit of 147326854?
2
What is the ten thousands digit of 2279816091?
1
What is the thousands digit of 117007702?
7
What is the hundred thousands digit of 661844465?
8
What is the millions digit of 309700527?
9
What is the hundreds digit of 86106005?
0
What is the tens digit of 17137703?
0
What is the ten thousands digit of 24091107?
9
What is the tens digit of 157500917?
1
What is the hundreds digit of 1801070674?
6
What is the thousands digit of 434500068?
0
What is the hundred millions digit of 5277447205?
2
What is the hundred thousands digit of 57